highest common divisor of 52 and k.
26
Let v be 3 + 315/(-126) + 62/4. Let n = 434 - 258. Calculate the highest common factor of n and v.
16
Suppose -30*o + 128 = -562. Let v = 47 + o. Calculate the highest common factor of v and 315.
35
Suppose 8 = 2*m - 4. Let o be (-2 + 0)*((-9)/m - 1). Let t be 760/25 + 2*(-1)/o. Calculate the greatest common divisor of 12 and t.
6
Let j = -9911 - -9996. What is the greatest common factor of j and 17425?
85
Let q = 424 - 281. Let a be ((-208)/56)/(3/(-21)). What is the greatest common factor of q and a?
13
Let p = -40 + 43. Suppose 0 = p*n - 5*a - 22, 0*a - 9 = 4*n + a. Let t be 28/(-7) + (15 - n). Calculate the greatest common divisor of 36 and t.
12
Suppose -2*t = -26 - 8. Let f = 17 - t. Let b(m) = 2*m + 60. Let w be b(f). Calculate the highest common factor of w and 150.
30
Suppose -226 = -2*a - 4*t, -3*a - 5*t + 404 = 66. Calculate the highest common factor of 1813 and a.
37
Let a = 227 - 167. Let p = 1847 - 1427. What is the greatest common factor of p and a?
60
Let m be 6/27 - (21308/(-12) - 5)/6. Calculate the highest common factor of 135 and m.
27
Suppose 3*j = -3*q + 94 + 20, 28 = j - 4*q. Let u = 331 - 568. Let d = 241 + u. What is the highest common divisor of d and j?
4
Let j(f) = f**3 + 6*f**2 + 5*f - 2. Let q be j(-5). Let g be (((-368)/q)/(-1))/(5 + -7). Let b = g + -48. Calculate the highest common divisor of b and 308.
44
Let t = -90 - -145. Let h(c) = 3*c**2 - 2*c + 3. Suppose u + 0*u - 3*l = -7, 2*l = -4*u + 14. Let k be h(u). What is the greatest common factor of k and t?
11
Suppose 20676 - 6158 = 34*q. Let p = q - 405. Calculate the greatest common factor of 286 and p.
22
Suppose 5*y + 5 = -5*d, 0*d + 3 = 5*d - 3*y. Let v(s) = s**3 + 10*s**2 + 2*s + 59. Let n be v(d). What is the highest common divisor of n and 1711?
59
Let s be 10/(-5) - (0 - -2)*-13. Let u(k) be the first derivative of 4*k**2 - 26*k + 8. Let r be u(4). What is the greatest common factor of s and r?
6
Suppose 0*b = 4*b - 252. Suppose -4*q + 106 = r, -13*q - 695 = -8*r + 3*r. Calculate the greatest common factor of r and b.
63
Let n be (-1 + 42/(-12))*(-1504)/12. Let k = -548 + n. Suppose 76 = p - 36. What is the highest common factor of p and k?
16
Suppose -158 = -15*m + 16*m. Let l = 165 + m. What is the highest common factor of l and 56?
7
Let i be (-2 + 3)/((-4)/(-48)). Let x be 4*(-14)/(-12)*18/i. Suppose 0 = -2*n - q + 47, x*q + 51 = 3*n + 2*q. Calculate the greatest common factor of n and 176.
22
Let v be (3856/(-1446) - 2228*1/(-3)) + -4. What is the highest common factor of v and 2668?
92
Suppose 44 - 24 = 4*i. Suppose 0 = 2*v - 3*v + 2*o + 70, -5*v + i*o = -335. Let t be (-314)/(-2) - (-24)/8. Calculate the highest common divisor of t and v.
32
Let g = 555 + -107. Let l be 157/20 + 1461/9740 - (-8 + 0). What is the greatest common factor of l and g?
16
Suppose 13088*p - 9760 = 13078*p. What is the highest common divisor of p and 305?
61
Let h be (-78)/91 + (-186)/(-21). Calculate the highest common divisor of h and 1928.
8
Let s be ((-8)/3)/((-3)/18). Let y(r) = -r**3 - 9*r**2 + 16. Let w be y(-9). Let d = w + s. Calculate the greatest common factor of 8 and d.
8
Let t be (0*((-3)/(-6) - 0))/4. Suppose -30*c + 96 + 114 = t. What is the greatest common divisor of c and 56?
7
Suppose 23*u - 3432 = -55*u. What is the greatest common factor of 1408 and u?
44
Let c = -724 - -358. Let r = 429 + c. Calculate the highest common factor of 36 and r.
9
Let g = -26 - -21. Let b be 48/g - 6/15. Let o be 1 - 2 - 80/b. What is the highest common divisor of o and 28?
7
Let o(u) be the third derivative of u**5/60 + 13*u**4/12 - 26*u**3/3 + 26*u**2 - 2. Let q be o(-28). What is the greatest common factor of q and 4?
4
Suppose 4*y - 2601 = -c, -2*c - 6 = -16. Calculate the highest common factor of y and 198.
11
Suppose -4*u + 493 = 3*i, 0 = 5*i + 1 + 4. Let h = 561 - 468. Calculate the greatest common factor of h and u.
31
Suppose -2*w + 2*s = -202, 4*s + 271 = 5*w - 231. Let m = 140 - w. Suppose -a - 5*b = -3, 2*a - 8 = a - 4*b. What is the highest common factor of a and m?
14
Suppose -6*c + 25*c - 1007 = 0. Let b(p) = 425*p**2 + 2*p + 1. Let r be b(-1). Calculate the greatest common factor of c and r.
53
Suppose 15*i - 370 = 19*i - 41*i. Let z be (0 + 3)*(-1 + 0). Let g = z + i. Calculate the highest common factor of g and 1.
1
Suppose 2012270 = 6*b + 96*b - 1892188. What is the highest common divisor of b and 101?
101
Suppose -1078 - 1407 = -3*f - y, -2*y = 2*f - 1658. Let r = f - 484. What is the greatest common factor of r and 8?
8
Suppose 0 = -37*m + 69667 + 55208. Calculate the greatest common factor of m and 270.
135
Let q be 20*((-1365)/(-26) + -13). Calculate the highest common factor of 80 and q.
10
Let v(w) = 3*w**3 - w**2 - 5*w - 11. Let k be v(4). Let b be (3 - k/5)*(-1)/1. What is the greatest common factor of 702 and b?
26
Let x = 28 + -8. Let d(p) = -2*p + 14. Let s = -471 + 463. Let y be d(s). What is the greatest common divisor of x and y?
10
Let q(v) = 5*v**3 + 35*v**2 + 4*v + 30. Let d be q(-7). What is the greatest common factor of 356 and d?
2
Let f(v) be the first derivative of v**2 + 66*v - 32. Let z be f(5). What is the highest common factor of z and 57?
19
Suppose 4*i + 27 = 4*g - 97, 2*i - 106 = -4*g. Calculate the greatest common factor of 14 and g.
14
Let o(l) = 46 - 77 - 13 + l**2 - 2*l. Let d be (4 + 2)*-1*(-6)/4. Let s be o(d). Calculate the greatest common divisor of 95 and s.
19
Let p = -11 + 14. Suppose -q + 4 = p*q. Suppose 2*s = 2*h - 8, -h + 0*h + 22 = 5*s. What is the highest common divisor of h and q?
1
Suppose 14*p = 15*p - 2*b + 5, -3*p = 4*b - 45. Calculate the highest common divisor of p and 158.
1
Let n(l) = 3*l + 5. Let m be n(-5). Let x = 13 + -15. Let j be x/m + 8376/120. Calculate the greatest common divisor of j and 28.
14
Let c = 64 - -89. Suppose 8*d = 39 + 409. Suppose 2*x - x = -5*a + 88, 0 = -4*a + 4*x + d. What is the greatest common divisor of a and c?
17
Suppose 650 = 5*t - 5*p, 0 = -3*t + 20*p - 21*p + 398. Calculate the highest common factor of 55 and t.
11
Suppose -168*n + 6205 = -151*n. Suppose -1125 = 360*d - n*d. Let u = -12 - -57. Calculate the highest common divisor of d and u.
45
Suppose -14*g + 268 = -54. Calculate the highest common factor of 1081 and g.
23
Let m = 38 - 20. Suppose 1326 = 5*b + 705*o - 701*o, b = 4*o + 294. Calculate the greatest common divisor of b and m.
18
Let x(o) = -2*o**3 + o**2 - 7. Let t be x(-4). Let i be (21 - 16) + t + -2. Calculate the greatest common factor of 10 and i.
10
Suppose 0 = 4*i - i - 15. Let b be 80/(-480) - ((-470)/12 - 1). Suppose -2*p - 5*z + b = -10*z, 2*z + 82 = 3*p. What is the greatest common factor of p and i?
5
Let j be (-628)/(-7) - (-2)/7. Suppose -235*r + 236*r - 3 = 0, 2*r = -2*g + 26. Calculate the highest common divisor of j and g.
10
Suppose -3*h = y + 126, -3*y + 4*h - 3*h = 328. Let n be y*(-7)/(-21)*-19. What is the greatest common factor of 37 and n?
37
Let m = 4564 - 2774. Suppose -5*c - f + m = 0, 0*f = 4*f - 20. Let r = 654 - c. What is the highest common divisor of r and 33?
33
Suppose -5*j + 709 = 79. Let o = 77 + j. Let t(f) = 4*f**2 - 3*f + 2. Let y be t(3). Calculate the greatest common factor of o and y.
29
Let n be -10*3/195 + (-26626)/(-13). Calculate the greatest common divisor of 112 and n.
16
Let c be (3 - -1)/(24/2292). Suppose -4*r + 2*u + 376 = -2*r, 2*r = -4*u + c. Calculate the greatest common factor of 21 and r.
21
Suppose 2*v = 1191 - 373. Let d = -870 + v. Let o = 769 + d. What is the highest common divisor of o and 28?
28
Suppose 152 = -19*g + 518 + 394. Calculate the greatest common factor of 2710 and g.
10
Suppose -495 = 66*d - 3135. What is the highest common factor of 2110 and d?
10
Suppose -1326*u + 505494 = -1073*u. Calculate the highest common factor of 162 and u.
54
Let c = -3103 - -3187. What is the highest common factor of c and 4844?
28
Suppose 2*n + 6*n = 40. Let z(s) = -1 - n + 3 - 2 - 324*s. Let d be z(-1). Calculate the greatest common factor of 29 and d.
29
Let q be -11*(-5)/770 - (-2344)/112. What is the highest common divisor of 336 and q?
21
Let g(r) = -6*r**3 - 7*r**2 + 3*r + 5. Let m be g(-2). Suppose -21*k = -m*k - 12. Let s = 11 - 2. What is the gr